is the ten thousands digit of 302620?
0
What is the tens digit of 15774579?
7
What is the thousands digit of 65270?
5
What is the hundred thousands digit of 18691328?
6
What is the units digit of 214214?
4
What is the units digit of 410924?
4
What is the thousands digit of 475683?
5
What is the ten thousands digit of 26323?
2
What is the hundred thousands digit of 362603?
3
What is the hundreds digit of 10074795?
7
What is the hundreds digit of 1800990?
9
What is the ten thousands digit of 3571993?
7
What is the thousands digit of 6271654?
1
What is the thousands digit of 22595?
2
What is the tens digit of 4820510?
1
What is the ten thousands digit of 4430335?
3
What is the thousands digit of 4291578?
1
What is the units digit of 310564?
4
What is the ten thousands digit of 2911328?
1
What is the tens digit of 2965138?
3
What is the tens digit of 467588?
8
What is the thousands digit of 49023?
9
What is the thousands digit of 200408?
0
What is the ten thousands digit of 30512?
3
What is the units digit of 2052333?
3
What is the tens digit of 727431?
3
What is the ten thousands digit of 436660?
3
What is the hundred thousands digit of 198866?
1
What is the millions digit of 1713685?
1
What is the hundred thousands digit of 1196260?
1
What is the ten thousands digit of 935800?
3
What is the hundreds digit of 82306?
3
What is the hundreds digit of 1874088?
0
What is the units digit of 1870297?
7
What is the ten thousands digit of 513206?
1
What is the ten thousands digit of 767346?
6
What is the thousands digit of 306538?
6
What is the hundred thousands digit of 631084?
6
What is the thousands digit of 20503360?
3
What is the tens digit of 51662?
6
What is the hundreds digit of 5849996?
9
What is the hundred thousands digit of 369118?
3
What is the tens digit of 8102019?
1
What is the hundred thousands digit of 106333?
1
What is the units digit of 1188672?
2
What is the ten millions digit of 22512679?
2
What is the tens digit of 852754?
5
What is the hundred thousands digit of 3085927?
0
What is the hundred thousands digit of 137772?
1
What is the tens digit of 275819?
1
What is the hundred thousands digit of 441846?
4
What is the ten thousands digit of 273737?
7
What is the tens digit of 2085788?
8
What is the millions digit of 13800902?
3
What is the thousands digit of 6073296?
3
What is the hundreds digit of 76791?
7
What is the ten thousands digit of 261768?
6
What is the ten thousands digit of 10611842?
1
What is the ten thousands digit of 41574422?
7
What is the hundreds digit of 322874?
8
What is the hundreds digit of 4178230?
2
What is the tens digit of 43210614?
1
What is the ten thousands digit of 3372292?
7
What is the ten thousands digit of 66750?
6
What is the thousands digit of 228523?
8
What is the millions digit of 2713061?
2
What is the hundred thousands digit of 276155?
2
What is the hundred thousands digit of 25886750?
8
What is the units digit of 7295601?
1
What is the units digit of 34793?
3
What is the hundreds digit of 168632?
6
What is the units digit of 751308?
8
What is the tens digit of 1862594?
9
What is the tens digit of 1183909?
0
What is the tens digit of 3008608?
0
What is the tens digit of 506109?
0
What is the tens digit of 1821249?
4
What is the units digit of 917664?
4
What is the hundred thousands digit of 512364?
5
What is the hundred thousands digit of 14915825?
9
What is the hundreds digit of 511156?
1
What is the tens digit of 2409056?
5
What is the hundreds digit of 25940124?
1
What is the hundred thousands digit of 167944?
1
What is the ten thousands digit of 2398362?
9
What is the hundred thousands digit of 227654?
2
What is the units digit of 414688?
8
What is the ten thousands digit of 6511566?
1
What is the hundred thousands digit of 813999?
8
What is the tens digit of 931104?
0
What is the thousands digit of 453701?
3
What is the tens digit of 197182?
8
What is the hundreds digit of 4025047?
0
What is the thousands digit of 9564087?
4
What is the millions digit of 14764340?
4
What is the tens digit of 189906?
0
What is the ten thousands digit of 356489?
5
What is the units digit of 350679?
9
What is the hundreds digit of 402402?
4
What is the hundreds digit of 475208?
2
What is the hundred thousands digit of 2301429?
3
What is the thousands digit of 1284164?
4
What is the thousands digit of 723353?
3
What is the tens digit of 5016358?
5
What is the hundreds digit of 3702?
7
What is the ten thousands digit of 63421?
6
What is the tens digit of 589875?
7
What is the tens digit of 34850?
5
What is the ten thousands digit of 327726?
2
What is the hundred thousands digit of 18520632?
5
What is the hundreds digit of 1179693?
6
What is the hundred thousands digit of 187510?
1
What is the thousands digit of 13891391?
1
What is the hundreds digit of 233734?
7
What is the tens digit of 174532?
3
What is the tens digit of 624733?
3
What is the hundred thousands digit of 547216?
5
What is the hundreds digit of 15824382?
3
What is the thousands digit of 151299?
1
What is the hundred thousands digit of 28260169?
2
What is the units digit of 8978701?
1
What is the units digit of 7353212?
2
What is the units digit of 677959?
9
What is the ten thousands digit of 18083?
1
What is the tens digit of 338354?
5
What is the ten thousands digit of 5511744?
1
What is the units digit of 613649?
9
What is the hundred thousands digit of 849922?
8
What is the tens digit of 816526?
2
What is the hundred thousands digit of 125134?
1
What is the hundreds digit of 588714?
7
What is the hundred thousands digit of 21346179?
3
What is the thousands digit of 742212?
2
What is the tens digit of 3310797?
9
What is the thousands digit of 230803?
0
What is the thousands digit of 9855206?
5
What is the tens digit of 21723210?
1
What is the hundreds digit of 322999?
9
What is the hundred thousands digit of 2851691?
8
What is the hundreds digit of 645883?
8
What is the tens digit of 10293880?
8
What is the hundreds digit of 949518?
5
What is the units digit of 15792007?
7
What is the tens digit of 739120?
2
What is the hundreds digit of 2865271?
2
What is the units digit of 426296?
6
What is the units digit of 488393?
3
What is the ten thousands digit of 37217?
3
What is the ten thousands digit of 353467?
5
What is the units digit of 11912508?
8
What is the units digit of 605218?
8
What is the tens digit of 469130?
3
What is the ten thousands digit of 2867454?
6
What is the hundred thousands digit of 2010699?
0
What is the hundreds digit of 26924690?
6
What is the millions digit of 2877037?
2
What is the tens digit of 7629252?
5
What is the thousands digit of 19917828?
7
What is the millions digit of 7022375?
7
What is the ten thousands digit of 501131?
0
What is the units digit of 9994253?
3
What is the ten thousands digit of 335180?
3
What is the tens digit of 5602870?
7
What is the hundreds digit of 277357?
3
What is the ten thousands digit of 424685?
2
What is the hundred thousands digit of 238123?
2
What is the hundreds digit of 456265?
2
What is the thousands digit of 9535285?
5
What is the millions digit of 14567880?
4
What is the units digit of 14045760?
0
What is the units digit of 13063110?
0
What is the hundreds digit of 3991757?
7
What is the hundreds digit of 3218063?
0
What is the thousands digit of 22925892?
5
What is the ten thousands digit of 14845?
1
What is the tens digit of 1254012?
1
What is the tens digit of 142591?
9
What is the millions digit of 6674110?
6
What is the hundreds digit of 3171919?
9
What is the units digit of 620100?
0
What is the hundreds digit of 1328441?
4
What is the thousands digit of 2154208?
4
What is the tens digit of 3519288?
8
What is the ten thousands digit of 153591?
5
What is the thousands digit of 6121007?
1
What is the millions digit of 29300518?
9
What is the hundreds digit of 179304?
3
What is the thousands digit of 212024?
2
What is the millions digit of 3542689?
3
What is the ten thousands digit of 74516?
7
What is the thousands digit of 269446?
9
What is the hundred thousands digit of 19892420?
8
What is the units digit of 196222?
2
What is the units digit of 233399?
9
What is the hundreds digit of 6065646?
6
What is the units digit of 71279?
9
What is the thousands digit of 12026